s the hundreds digit of g?
1
Let l = 144 - 63. What is the tens digit of (-1)/((-3)/l) - -2?
2
Let w = 202 + -250. Let p(f) = 23*f**2 - 3*f + 2. Let z be p(2). Let n = z + w. What is the tens digit of n?
4
Let h(j) = j**3 + 28*j**2 + 13*j - 121. What is the tens digit of h(-26)?
9
Let y(w) = w**3 + 16*w**2 - 2*w + 12. Let r be y(-17). Let a = 397 + r. What is the hundreds digit of a?
1
Let p(b) = b + 12. Let w be p(-5). Let k be 0 - 0/(w + -4). Suppose 2*c - 32 = 2*o, 0*c + 2*c - 3*o - 30 = k. What is the units digit of c?
8
What is the tens digit of 3/(-2) + (1916/8 - -4)?
4
Suppose -5*z + 148 = -317. Suppose -90*g = -z*g + 354. What is the units digit of g?
8
Suppose 0 = z - 5*v - 5 + 13, -3*v = -3*z + 24. What is the units digit of 333/5 - z/(-30)?
7
Let v = 930 - -27. What is the hundreds digit of v?
9
Let q(w) = -13*w + 13. Let x be (-16)/12 + 24/(-9). What is the tens digit of q(x)?
6
Suppose -v - 4*c = -148, 2*c - 6*c = -5*v + 812. Suppose k - 5*q + 3 = 178, k - 2*q = v. What is the units digit of k?
0
Let j(y) be the first derivative of -12*y**2 + 2*y - 1. Let l be j(-7). Suppose -4*p = 30 - l. What is the units digit of p?
5
Let j = -40 + 34. Let b be 1385/(-10) - (-9)/j. Let i = b + 200. What is the tens digit of i?
6
Let h = 66 + 2249. What is the hundreds digit of h?
3
Let x(f) = -f**3 + 10*f**2 + 6*f - 20. Let s(o) = o**2 - 9*o + 24. Let k be s(7). What is the tens digit of x(k)?
4
Let d = 69 - 69. Suppose -x - 4*y + 211 - 1 = d, x - 3*y = 203. What is the units digit of x?
6
Let x be 2 - ((-5)/(-3))/(2/114). Let g = -3 - x. What is the units digit of g?
0
Suppose -721 = -4*p - 3*v, 0*p - 2*v - 884 = -5*p. Let f = p - 291. Let w = -75 - f. What is the tens digit of w?
3
Let x be 0 + (2 - -2) + -23. Let m(r) = 2*r + 64. What is the tens digit of m(x)?
2
Let d(m) = m**3 - 10*m**2 + 29. What is the hundreds digit of d(11)?
1
Let l(y) be the first derivative of 2*y**2 + 10*y + 2. Let g be l(-4). What is the tens digit of 39 + (-1 - 3 - g)?
4
Suppose -2997 = -0*j - 9*j. What is the hundreds digit of j?
3
What is the units digit of (-2504)/(-3) + (-12)/18?
4
Suppose p - 1067 = 4*v, 4*p = -p + v + 5335. What is the thousands digit of p?
1
Let t(q) = -q**3 - 37*q**2 + 71*q - 98. What is the hundreds digit of t(-39)?
1
Let l(j) = 2*j**2 + 3*j - 5. Let q = 9 - 16. What is the tens digit of l(q)?
7
Let g(i) = 31*i**3 + i**2 - i + 1. Suppose c - 14 = -3*j, -3*c + c - 4*j + 22 = 0. Suppose 3*o + c = 8. What is the units digit of g(o)?
2
What is the hundreds digit of (4/3)/(4*(-5)/(-7770))?
5
Let k = -113 - -73. Let q be ((-7)/(-4))/(5/k). Let z = q + 33. What is the tens digit of z?
1
Let l(q) = 6*q + 13. Let a be l(1). Let y be ((-11)/(-4))/((-2)/8). Let k = a - y. What is the tens digit of k?
3
Let q = 10 - 6. Suppose -3*w + 2 = -q. Suppose -w*x + 52 = -12. What is the tens digit of x?
3
Let f(r) = 4*r - 4 - 9 + 4 - 4. Let i be f(8). Suppose i*x - 285 = 14*x. What is the tens digit of x?
5
Let t(n) = 92*n**2 - 2*n - 1. What is the hundreds digit of t(-2)?
3
Let z = -17 + 19. Suppose 0 = -0*y + z*y - 90. What is the tens digit of y?
4
Let u = 0 - -2. Let i be 12 + -1 + -2 + u. Let j = 12 - i. What is the units digit of j?
1
Let o be 2/(-13) - (-22)/(-26). Let z(j) = 75*j**2 + j + 1. Let c be z(o). Let h = -53 + c. What is the units digit of h?
2
Suppose 0 = 9*k - 4*k - 25. What is the units digit of ((-22)/k)/(7/(-35))?
2
Let a(s) = 48*s**2 - 142*s - 6. What is the tens digit of a(-4)?
3
What is the units digit of 15/10 + ((-14385)/6)/(-5)?
1
Let l = -15 + 6. Let k be l/(((-1)/1)/(-1)). Let d = k + 18. What is the units digit of d?
9
Suppose 5*z + 4*k = -394, 4*z - 4*k = -0*k - 308. What is the units digit of (z/9 - -8)/(4/(-114))?
9
Let o = 139 - 136. Suppose -4*n + 1120 = 5*a - 165, -o*a = -15. What is the units digit of n?
5
Suppose 5*g - 584 = -w, 0 = -g + 4*w - 0*w + 100. What is the tens digit of g?
1
Suppose 2*u - 3*l + 0 + 9 = 0, -2*u = 5*l + 33. What is the tens digit of (u - -7)*(-67)/2?
6
Let w(b) = 45 + 3*b**2 - b + 7*b - 54. What is the units digit of w(-4)?
5
Let s(l) = 32*l**2 + 6*l + 8. Let d be s(-2). Suppose 2*h = -z - 3*z + 406, -d = -z + 4*h. What is the units digit of z?
4
Let h(b) = b**2 - 7*b - 11. Let r = 11 - 7. Suppose 45 = 9*p - r*p. What is the units digit of h(p)?
7
Suppose 0 = 5*q + 93 - 33. Let i = 27 - q. Suppose 2*s = -x + 14 + i, 0 = x - s - 50. What is the tens digit of x?
5
Let p(z) = z**3 - 18*z**2 + 30*z - 61. What is the tens digit of p(18)?
7
Let q = 704 + -244. What is the tens digit of q?
6
Suppose -4*j - 5 - 64 = -3*x, -4*j = 12. Let z = 29 + x. Suppose 0 = -3*v - 3*i + z, -i + 58 = 4*v - 0*i. What is the units digit of v?
4
Let w(u) = -6*u**3 + 7*u**2 - 3*u + 5. Let n(c) = 18*c**3 - 20*c**2 + 9*c - 14. Let a(s) = 6*n(s) + 17*w(s). What is the tens digit of a(2)?
5
Let u(w) = w**2 - 7*w - 14. Let m be u(9). Suppose -p + 188 = m*l - l, -p = 4*l - 251. What is the tens digit of l?
6
Let j(v) = v**3 + 6. Let g be j(-5). Let r = -47 - g. What is the tens digit of r?
7
Suppose 0*g - d + 18 = 5*g, -5*d + 9 = -2*g. Suppose -2*i + 122 = 2*l, -6*i + 59 = l - g*i. What is the units digit of l?
2
Suppose p - 3*b + 3 = 0, b = -5*p - b + 2. Let i(s) = -2*s. Let l be i(-3). Suppose 2*q + p*q = l, -k = 2*q - 28. What is the tens digit of k?
2
Let t = 47 - 45. Suppose t*y + 2*c = 162, 4*c - c + 437 = 5*y. What is the units digit of y?
5
Suppose 14*m - 9861 = -285. What is the units digit of m?
4
Let y = 208 + -302. Let h = y + 160. What is the tens digit of h?
6
Suppose -21*u = -913 - 4127. What is the units digit of u?
0
What is the tens digit of (-102 - -67)*120/(-7)?
0
Suppose 16 + 2 = -3*y. What is the units digit of (2 + -1)/(-3) - 872/y?
5
What is the tens digit of (7/1 + -6)/(3/3975)?
2
Let c = -50 - 42. Let h = -14 - c. What is the units digit of h?
8
Let z be (-2*1)/((-6)/15). Let u be 61/(-2*4/(-16)). Suppose 0 = m - 6*m + i + 138, -4*m + u = z*i. What is the tens digit of m?
2
Suppose 3*b - 8 = -4*d - 2*b, -4*d = 4*b - 8. Suppose -d*c + 103 = -349. What is the units digit of c?
6
Let y = 28 + -60. Let f = y + 20. Let w = 24 + f. What is the tens digit of w?
1
Let v(a) = 68*a + 16. Let b be v(3). Let q = b + -139. What is the units digit of q?
1
Let m = 175 + -52. Let r = -35 + m. What is the units digit of r?
8
What is the units digit of ((-1978)/5)/((-2)/5)?
9
What is the thousands digit of (-51570)/(-105)*14/3 - -7?
2
Suppose 10*g - 9*g = 0. Suppose g = 2*q - 10 - 2. Suppose q*j = j + 180. What is the units digit of j?
6
Let l = 1067 - 536. What is the tens digit of l?
3
Suppose 1927 = 5*g - 2*l, -5*l + 1173 = 3*g - 2*l. What is the tens digit of g?
8
Let i be (-1 + 108)/(((-1)/4)/(-1)). Suppose 338 = 4*p + j, 5*p + 5*j - j - i = 0. What is the units digit of p?
4
Let b(c) = c**3 - 9*c**2 - 12*c - 14. Let p be b(10). Let r = p + 62. What is the tens digit of r?
2
Let d(r) = 2*r**2 - 34*r - 215. What is the units digit of d(52)?
5
Suppose -8*u + 10 = -6*u. Suppose b = -0 + u. Suppose 47 = b*i - 78. What is the units digit of i?
5
What is the tens digit of -4 - (24*22)/(-2)?
6
Let v be (-9)/(-12)*4 - -110. Suppose 2*a = 4*a - n + 115, 2*a + n = -v. Let r = 112 + a. What is the units digit of r?
5
Let n(h) = -h**3 - 8*h**2 - 2*h + 4. Let p be n(-8). What is the units digit of 1*-20*(-25)/p?
5
Let b(v) = -v**2 + v + 5. Let j be b(0). What is the tens digit of 221/(j + -5 + 1)?
2
Suppose 2*y = 4*y + 10. Let l be (y - -4)/(2/(-4)). Suppose l*x = 3*x - 30. What is the units digit of x?
0
Suppose 54 = 3*d - 66. Let a = d - -35. What is the units digit of a?
5
Suppose 2*v - 5 = 3*v + 2*q, 3*v + 4 = 5*q. Let c be 34/3*(0 - v). Let h = c - 30. What is the units digit of h?
4
Let v be (415/15)/(1/6). Suppose -3*d + d = -v. What is the tens digit of d?
8
Suppose -5*j - 2230 = -3*l, 4*l - 2952 = -4*j - 0*j. What is the units digit of l?
0
Let o = 17 - 15. Let z(c) = 2*c**2 + 2*c - 1. Let q be z(1). Suppose 89 = q*w - d + o*d, 5*d = 4*w - 125. What is the units digit of w?
0
Let w be 484/(-10) - 10/(-25). Let n be -4 + 1*(2 + w). Let y = n - -78. What is the tens digit of y?
2
Suppose -4689 = -17*g + 207. What is the units digit of g?
8
Suppose 0 = -2*g - h + 725, 0*g + 3*h = 4*g - 1455. What is the hundreds digi